s digit of 292764?
7
What is the thousands digit of 316411?
6
What is the hundreds digit of 401668?
6
What is the hundreds digit of 724651?
6
What is the tens digit of 2571730?
3
What is the hundreds digit of 364393?
3
What is the hundred thousands digit of 710986?
7
What is the hundreds digit of 2145617?
6
What is the tens digit of 2662359?
5
What is the thousands digit of 778299?
8
What is the hundred thousands digit of 767872?
7
What is the hundreds digit of 18858421?
4
What is the hundred thousands digit of 574024?
5
What is the units digit of 7293673?
3
What is the thousands digit of 583939?
3
What is the tens digit of 5266559?
5
What is the hundred thousands digit of 142528?
1
What is the ten thousands digit of 13019337?
1
What is the ten thousands digit of 354159?
5
What is the thousands digit of 29712256?
2
What is the tens digit of 67645?
4
What is the thousands digit of 47837?
7
What is the tens digit of 3030421?
2
What is the ten thousands digit of 12686819?
8
What is the tens digit of 630206?
0
What is the units digit of 42129?
9
What is the hundred thousands digit of 155626?
1
What is the tens digit of 4184611?
1
What is the thousands digit of 940845?
0
What is the hundreds digit of 1529339?
3
What is the units digit of 2561226?
6
What is the tens digit of 25961110?
1
What is the tens digit of 7965?
6
What is the hundreds digit of 1072659?
6
What is the tens digit of 236583?
8
What is the ten thousands digit of 777731?
7
What is the hundreds digit of 8970968?
9
What is the tens digit of 638628?
2
What is the hundred thousands digit of 4977444?
9
What is the ten thousands digit of 148468?
4
What is the ten thousands digit of 418566?
1
What is the thousands digit of 782363?
2
What is the thousands digit of 69192?
9
What is the hundred thousands digit of 138270?
1
What is the tens digit of 220855?
5
What is the thousands digit of 32738?
2
What is the thousands digit of 17405?
7
What is the millions digit of 29794785?
9
What is the units digit of 26056934?
4
What is the units digit of 1690625?
5
What is the ten thousands digit of 1312733?
1
What is the ten thousands digit of 253821?
5
What is the ten thousands digit of 777585?
7
What is the ten thousands digit of 25470?
2
What is the hundreds digit of 138559?
5
What is the tens digit of 8420248?
4
What is the thousands digit of 264435?
4
What is the tens digit of 567407?
0
What is the hundreds digit of 1879630?
6
What is the hundreds digit of 53411?
4
What is the ten thousands digit of 1557471?
5
What is the hundreds digit of 180832?
8
What is the ten millions digit of 12173470?
1
What is the ten thousands digit of 190074?
9
What is the tens digit of 229367?
6
What is the hundred thousands digit of 5647918?
6
What is the ten thousands digit of 10450502?
5
What is the hundred thousands digit of 20673684?
6
What is the units digit of 208222?
2
What is the hundreds digit of 24245383?
3
What is the thousands digit of 2355108?
5
What is the hundred thousands digit of 405298?
4
What is the units digit of 523614?
4
What is the units digit of 341359?
9
What is the thousands digit of 132688?
2
What is the hundreds digit of 1940082?
0
What is the hundred thousands digit of 10383941?
3
What is the tens digit of 768002?
0
What is the ten millions digit of 33515240?
3
What is the hundred thousands digit of 5214728?
2
What is the ten thousands digit of 187853?
8
What is the tens digit of 3696505?
0
What is the hundreds digit of 306661?
6
What is the hundred thousands digit of 40353957?
3
What is the ten thousands digit of 364492?
6
What is the tens digit of 886990?
9
What is the millions digit of 1436778?
1
What is the hundreds digit of 2250710?
7
What is the millions digit of 13602017?
3
What is the hundreds digit of 174196?
1
What is the thousands digit of 239849?
9
What is the tens digit of 9893857?
5
What is the millions digit of 5229673?
5
What is the ten thousands digit of 13643431?
4
What is the tens digit of 582239?
3
What is the thousands digit of 39867?
9
What is the millions digit of 3174568?
3
What is the tens digit of 1462977?
7
What is the hundreds digit of 7744608?
6
What is the hundred thousands digit of 10067544?
0
What is the units digit of 31805637?
7
What is the units digit of 240923?
3
What is the units digit of 7970914?
4
What is the millions digit of 2064498?
2
What is the millions digit of 15002859?
5
What is the tens digit of 10571598?
9
What is the thousands digit of 177980?
7
What is the hundred thousands digit of 12198909?
1
What is the tens digit of 1458597?
9
What is the units digit of 2893703?
3
What is the hundred thousands digit of 934518?
9
What is the hundred thousands digit of 8938024?
9
What is the ten millions digit of 19608035?
1
What is the thousands digit of 38005?
8
What is the ten thousands digit of 288454?
8
What is the hundred thousands digit of 166865?
1
What is the tens digit of 13799336?
3
What is the ten millions digit of 14138284?
1
What is the units digit of 609782?
2
What is the thousands digit of 3953689?
3
What is the ten millions digit of 19798043?
1
What is the thousands digit of 3256645?
6
What is the hundred thousands digit of 4263412?
2
What is the units digit of 10224001?
1
What is the thousands digit of 397506?
7
What is the hundred thousands digit of 419162?
4
What is the ten thousands digit of 6146165?
4
What is the ten thousands digit of 181665?
8
What is the thousands digit of 3552257?
2
What is the hundreds digit of 120152?
1
What is the hundred thousands digit of 1254847?
2
What is the units digit of 31310623?
3
What is the hundred thousands digit of 7597916?
5
What is the tens digit of 14003241?
4
What is the millions digit of 3384575?
3
What is the hundreds digit of 4490153?
1
What is the hundreds digit of 200755?
7
What is the hundreds digit of 27355250?
2
What is the ten millions digit of 10256619?
1
What is the thousands digit of 421010?
1
What is the ten millions digit of 16398509?
1
What is the ten thousands digit of 7065053?
6
What is the hundred thousands digit of 13407856?
4
What is the hundreds digit of 405793?
7
What is the tens digit of 1768683?
8
What is the units digit of 38775?
5
What is the ten thousands digit of 182118?
8
What is the hundred thousands digit of 9652511?
6
What is the hundreds digit of 28979013?
0
What is the ten thousands digit of 730752?
3
What is the units digit of 767313?
3
What is the tens digit of 248845?
4
What is the hundred thousands digit of 191324?
1
What is the units digit of 7447766?
6
What is the tens digit of 290850?
5
What is the hundreds digit of 23769288?
2
What is the hundreds digit of 15114804?
8
What is the units digit of 750929?
9
What is the thousands digit of 48717?
8
What is the thousands digit of 10015300?
5
What is the hundreds digit of 378849?
8
What is the thousands digit of 587266?
7
What is the hundred thousands digit of 7932684?
9
What is the hundred thousands digit of 465388?
4
What is the units digit of 307923?
3
What is the ten thousands digit of 7153590?
5
What is the ten thousands digit of 514497?
1
What is the hundreds digit of 462426?
4
What is the hundred thousands digit of 152252?
1
What is the ten thousands digit of 548604?
4
What is the units digit of 1473856?
6
What is the thousands digit of 257626?
7
What is the tens digit of 298941?
4
What is the hundred thousands digit of 899064?
8
What is the units digit of 544937?
7
What is the hundreds digit of 1351600?
6
What is the hundred thousands digit of 763394?
7
What is the millions digit of 2028726?
2
What is the hundred thousands digit of 156144?
1
What is the tens digit of 5068017?
1
What is the ten thousands digit of 72358?
7
What is the units digit of 567077?
7
What is the tens digit of 5829023?
2
What is the hundred thousands digit of 289580?
2
What is the tens digit of 417005?
0
What is the units digit of 3505906?
6
What is the units digit of 22193982?
2
What is the hundreds digit of 159173?
1
What is the thousands digit of 4254793?
4
What is the thousands digit of 11036503?
6
What is the hundreds digit of 13330050?
0
What is the units digit of 34250642?
2
What is the hundred thousands digit of 847256?
8
What is the ten thousands digit of 15349074?
4
What is the units digit of 347319?
9
What is the